{"id":5134,"date":"2022-08-30T01:30:41","date_gmt":"2022-08-29T23:30:41","guid":{"rendered":"https:\/\/retrospektive-film.de\/board\/?page_id=5134"},"modified":"2023-07-04T00:49:29","modified_gmt":"2023-07-03T22:49:29","slug":"udo-krone-dart","status":"publish","type":"page","link":"https:\/\/retrospektive-film.de\/board\/udo-krone-dart\/","title":{"rendered":"Dart (Udo Krone)"},"content":{"rendered":"\n<p>Leider sind das die einzigen Sachen die mir in den Jahren geblieben sind. Gerade in den 90er wo es noch keine Foto Handys usw gab sind Fotos selten. Daher greife ich auf das Material zur\u00fcck was es damals gab.<\/p>\n\n\n\n<p>\u00dcbrigens w\u00fcrde ich jede Dart \/ Sport \/ Tageszeitung oder Fotos und Artikel oder auch Videos KAUFEN wo ich zusehen oder gelistet bin. Sofern ich diese nicht habe. DSAB Sport Play, Soft Check, Darts Pur usw.<\/p>\n\n\n\n<p><\/p>\n\n\n\n<p>Hier mal ein unvollst\u00e4ndiger \u00dcberblick von dem was ich so alle gewonnen habe \ud83d\ude09 da kommt aber noch mehr zu, auch ein paar coole Videos.<\/p>\n\n\n\n<figure class=\"wp-block-gallery has-nested-images columns-default is-cropped wp-block-gallery-1 is-layout-flex wp-block-gallery-is-layout-flex\"><\/figure>\n","protected":false},"excerpt":{"rendered":"<p>Leider sind das die einzigen Sachen die mir in den Jahren geblieben sind. Gerade in den 90er wo es noch keine Foto Handys usw gab sind Fotos selten. Daher greife ich auf das Material zur\u00fcck was es damals gab. \u00dcbrigens w\u00fcrde ich jede Dart \/ Sport \/ Tageszeitung oder Fotos und Artikel oder auch Videos [&hellip;]<\/p>\n","protected":false},"author":1,"featured_media":5144,"parent":0,"menu_order":0,"comment_status":"closed","ping_status":"closed","template":"","meta":{"ngg_post_thumbnail":0,"footnotes":"","_links_to":"","_links_to_target":""},"class_list":["post-5134","page","type-page","status-publish","has-post-thumbnail","hentry"],"_links":{"self":[{"href":"https:\/\/retrospektive-film.de\/board\/wp-json\/wp\/v2\/pages\/5134","targetHints":{"allow":["GET"]}}],"collection":[{"href":"https:\/\/retrospektive-film.de\/board\/wp-json\/wp\/v2\/pages"}],"about":[{"href":"https:\/\/retrospektive-film.de\/board\/wp-json\/wp\/v2\/types\/page"}],"author":[{"embeddable":true,"href":"https:\/\/retrospektive-film.de\/board\/wp-json\/wp\/v2\/users\/1"}],"replies":[{"embeddable":true,"href":"https:\/\/retrospektive-film.de\/board\/wp-json\/wp\/v2\/comments?post=5134"}],"version-history":[{"count":5,"href":"https:\/\/retrospektive-film.de\/board\/wp-json\/wp\/v2\/pages\/5134\/revisions"}],"predecessor-version":[{"id":5413,"href":"https:\/\/retrospektive-film.de\/board\/wp-json\/wp\/v2\/pages\/5134\/revisions\/5413"}],"wp:featuredmedia":[{"embeddable":true,"href":"https:\/\/retrospektive-film.de\/board\/wp-json\/wp\/v2\/media\/5144"}],"wp:attachment":[{"href":"https:\/\/retrospektive-film.de\/board\/wp-json\/wp\/v2\/media?parent=5134"}],"curies":[{"name":"wp","href":"https:\/\/api.w.org\/{rel}","templated":true}]}}